the units digit of 7*1*b/21?
0
Suppose -3*j - 5*z + 7552 - 1564 = 0, -4*j - 3*z + 7995 = 0. What is the thousands digit of j?
2
Let x(p) be the first derivative of -p**4/4 - p**3 + 3*p - 5. Let s be x(-3). Suppose -70 = -2*g - s*g. What is the tens digit of g?
1
Suppose 3179 = -24*s + 25*s + 4*i, 5*s - 15815 = -4*i. What is the hundreds digit of s?
1
Let k be ((-166)/3)/(2/3). Let p = 1 - k. What is the tens digit of p?
8
Suppose -39 = 14*m - 123. Let x(u) = u**3 + u**2 - 8*u - 25. What is the tens digit of x(m)?
7
Let q(z) = -z**3 + 11*z**2 - 13*z + 13. Let y be q(10). Let v = y - -19. Suppose r + v = 8. What is the units digit of r?
6
Suppose 315 = 13*v - 4*v. What is the units digit of (-10)/(-4)*28/v?
2
Suppose -215 = -22*p - 39. What is the units digit of p?
8
Let a(q) = 10*q - 18. Let l be a(4). Suppose 3*p = -l + 73. What is the units digit of p?
7
Suppose -48*f - 6453 = -57*f. What is the hundreds digit of f?
7
Let h be (-193)/4 + 10/40. What is the units digit of (-3 - h)*(-4 + 5)?
5
Let h be 0 - (117 - (3 - 5)). Let a = -69 - h. What is the tens digit of a?
5
Let d(g) = 13*g + 6 + 3 - 4 - g**3 - 2 - 7*g**2. Let u(a) = -3*a**3 - 21*a**2 + 39*a + 8. Let s(w) = -8*d(w) + 3*u(w). What is the units digit of s(-9)?
5
Let y be -1 - (-460 + 3/3). Suppose 2*t - 4*o = 514, -2*t = 2*o - y - 62. Suppose 5*u - t = 3*f, -5*u + 59 = -4*u - 3*f. What is the units digit of u?
0
Let w = 142 - 34. Suppose 6*i - 5*i - w = 0. What is the hundreds digit of i?
1
Let u be ((-2)/(-6)*-4)/(4/(-6)). Suppose -3*l + 0*l = 5*p - 453, -2*l + 182 = u*p. What is the tens digit of p?
9
Suppose 28*z - 4 = 24*z. Suppose 3*y - 2*x = 7, -5*x - 9 = z. What is the units digit of y?
1
Let t(q) = 32*q**2 + 36*q + 28. What is the units digit of t(-6)?
4
Suppose -934 + 238 = -3*j. Let d = 369 - j. What is the tens digit of d?
3
Let w(z) = 2*z**2 - 11*z + 5. Let f be (-57)/15 + -1 + 4/(-20). What is the tens digit of w(f)?
1
Let i = 270 - 254. What is the units digit of i?
6
Let f be 8/6*4*45/40. Let p be 1*-1 + 2 + 3. Suppose f = -p*o + 86. What is the units digit of o?
0
What is the hundreds digit of -2 + -630*(-27)/18?
9
Suppose -2*m = 2*m - 1008. What is the units digit of (3/(-2))/(7/m*-1)?
4
Let b = -70 - -34. Let f = b + 60. Let x = f - -27. What is the tens digit of x?
5
Suppose 10*i - 1816 - 12634 = 0. What is the hundreds digit of i?
4
Suppose -35 = -h + 2*h. Let j = 51 - h. What is the tens digit of j?
8
Suppose -4*p + 8 = 3*o, -o - 8 = -4*p + o. Suppose -t - 40 = -p*t. What is the units digit of t?
0
Suppose 0 = -2*a + 4. Suppose 3*k = -0*k - a*v + 90, 2*k - 79 = 5*v. What is the units digit of k?
2
Suppose -3*r = -1506 - 471. Suppose 0 = 8*g - r - 957. What is the tens digit of g?
0
Let o(b) = -b**3 - 3*b + 2. Let a(l) = -l**2 - l - 1. Let s(p) = 6*a(p) + o(p). Let u be s(-6). What is the tens digit of (u/4)/((-5)/(-10))?
2
Let v = -263 - -404. Let a = v - 62. What is the units digit of a?
9
Suppose 6*n - 35 + 17 = 0. Let w(a) = a**3 + 5. What is the tens digit of w(n)?
3
Let s(g) = g**3 + 15*g**2 + 11*g + 17. Let c be s(-7). Suppose 0 = -4*b + 2*u + c, 0 = -3*b + 5*u - 0*u + 242. What is the units digit of b?
4
Let y(s) = 0 + s**2 - 50*s + 50*s + 4. What is the tens digit of y(4)?
2
What is the hundreds digit of 349 - (33/3 + -11)?
3
Suppose -4*l + 256 = 4*i, 11*i = -2*l + 7*i + 136. What is the tens digit of l?
6
Suppose 99795 - 15045 = 50*f. What is the thousands digit of f?
1
Let v(f) = -f**3 - 14*f**2 - 14*f - 16. Let l be v(-13). Let x = l - -15. Suppose 0 = -4*t + 6*t - x. What is the units digit of t?
6
Let n(s) = s**3 + 2*s**2 - s - 3. What is the hundreds digit of n(5)?
1
Let y = -3 - -6. Suppose -5*d - a + 6*a + 45 = 0, -4*d + y*a = -31. Suppose 102 = d*w + 6. What is the units digit of w?
4
Suppose -9*t = -15*t + 48. Suppose -45 = -t*s + 51. What is the units digit of s?
2
What is the tens digit of ((-10)/10)/(1 + (-1374)/1371)?
5
What is the tens digit of (4 + 56 - 2) + 21/7?
6
What is the units digit of -1 + 5 + (-3 - (-2 + -202))?
5
Let x = -33 + 40. Suppose 0 = 10*z - x*z - 303. What is the hundreds digit of z?
1
Suppose -2*a + 27 = -r, 5*a = 3*r - 0*r + 68. Let b = a - 16. Let x = b - -10. What is the units digit of x?
7
Let x(o) = 11*o**3 + 62*o**2 + 30*o - 66. Let y(r) = 7*r**3 + 41*r**2 + 20*r - 44. Let b(a) = -5*x(a) + 8*y(a). What is the units digit of b(-17)?
7
Let c = 102 - 41. Suppose 66*m - c*m - 460 = 0. What is the units digit of m?
2
Let n = 265 + 2458. What is the tens digit of n?
2
Let m = 74 + -72. Suppose 3*o = m*d + 253, -4*d = -2*o - 0*d + 182. What is the units digit of o?
1
Let v(y) = 7*y**3 + 100*y**2 - 11*y - 5. What is the hundreds digit of v(-14)?
5
Let l(a) = a**3 + 4*a**2 - 7*a - 10. Let g be l(-4). Suppose 0 = c - 3*z - 63, 0 = -5*c - 2*z + 365 + g. What is the tens digit of c?
7
Suppose -x + 700 = 5*a, -x = a + 3*a - 561. What is the tens digit of 3/(-6) - a/(-2)?
6
Let j(o) = -o + 10. Let y be j(12). Let v be (-1 - 1)/(-3 - -5). What is the units digit of (v + y + 4)*6?
6
Let c be (3 - -114)*2/6. Let h = 111 - c. What is the units digit of h?
2
Let d(p) = -4*p + 9 + 2*p - 1. Suppose -k - 20 - 6 = 4*m, 0 = -2*m - 10. What is the tens digit of d(k)?
2
Let r(m) = -16*m - 13. Let d(w) = 24*w + 20. Let u(t) = 5*d(t) + 7*r(t). What is the units digit of u(7)?
5
What is the tens digit of 6*(-3)/144 - (-8098)/16?
0
Let m(v) = -605*v - 114. What is the hundreds digit of m(-2)?
0
Let j = -28 - -49. Suppose -i + 16 + j = 0. What is the units digit of i?
7
Let f(q) = -2*q**3 - 12*q**2 - 11. Let s be f(-6). Let g(w) = -w**3 - 13*w**2 - 27*w - 8. What is the tens digit of g(s)?
4
Suppose -y = 5*g - 29, 2*g - 2*y + 6 = 20. Suppose -2*v + g = -2. Suppose 2*b + 23 + 113 = v*z, 0 = -z + 5*b + 52. What is the units digit of z?
2
Let k = 28 + -13. Suppose k = -3*f + 141. What is the tens digit of f?
4
Suppose -27*l = -21*l + 1740. What is the tens digit of l/(-20) - 6/(-4)?
1
Let n(t) = t**3 - 23*t**2 - 13*t - 6. What is the units digit of n(25)?
9
Let u(f) = -f**2 + 10*f + 6. Let d be u(10). What is the units digit of ((-4)/2)/(d/(-24))?
8
Let k(u) = -16*u**3 - 1. Let b = 28 - 40. Let n = b - -11. What is the units digit of k(n)?
5
Suppose -3*x + 85 + 41 = 0. Let l = x + -25. What is the tens digit of l?
1
What is the tens digit of (-5 - 3*(-3 + 2)) + 37?
3
Let z(i) = -i**2 + 11*i - 3. Let y(d) = -2*d + 16. Let l be y(5). What is the units digit of z(l)?
7
Suppose 0 = 2*u + 3*q - 7, 5*u + q - 6 - 5 = 0. Let o(r) = 7*r - 4*r - 5*r**2 + 7*r**2 - 2*r - 2*r. What is the units digit of o(u)?
6
Let l = 53 - 77. Let s = 61 - -1. Let k = s + l. What is the units digit of k?
8
Let f(m) = -m**3 - 4*m**2 - 5*m - 8. Let y be f(8). What is the tens digit of (y/56)/(2/(-14))?
0
Let m be ((-4)/12)/((-1)/(-27)). Let k(b) = -b - 6. Let o be k(m). Suppose f - o*a - 43 = -4*a, -86 = -2*f + 2*a. What is the tens digit of f?
4
Suppose 0 = -3*b - 879 + 3501. What is the tens digit of b?
7
Suppose 4*o = -0*o + 108. Suppose -o*z + 32*z - 610 = 0. What is the hundreds digit of z?
1
Suppose -7*y - 156 = -422. Let b = 125 - y. What is the tens digit of b?
8
Let l(n) = n**2 - 34*n + 58. What is the units digit of l(35)?
3
Let p = 388 + 454. What is the tens digit of p?
4
Let x(y) = 45*y**2. Suppose -7 = -5*a - 2*a. Let o be x(a). Suppose o = 6*b - 5*b. What is the units digit of b?
5
Let a = 118 + -110. Suppose -15*v = -a*v - 1414. What is the tens digit of v?
0
What is the units digit of -1 + (-12)/(-10) + (-1112)/(-40)?
8
Let y be 0 + (-9592)/(-60) - (-4)/30. Suppose -2*f + y + 228 = 2*z, 3*f + z - 582 = 0. What is the hundreds digit of f?
1
Suppose -3 = -n + 3. Suppose 0*c + 1446 = n*c. Suppose 3*b + 76 = c. What is the units digit of b?
5
What is the tens digit of (-1 - (-3)/7)/((-42)/15729)?
1
Let w(u) = 2*u**2 + 6*u - 11. Let p be w(5). Suppose 2*t - 103 = d + p, 5*t + 3*d = 430. What is the units digit of t?
6
Let d = 22 + 61. Suppose -j + d = 13. What is the tens digit of (j/(-3))/(18/(-54))?
7
Let x = -410 - -1043. What is the hundreds digit of x?
6
Let o(r) = 4*r + 379. What is the units digit of o(-32)?
1
Suppose 0 = 2*i - 4, 0*m = -2*m - i + 10. Suppose m*a + 56 = -4. Let c = 22 + a. What is the units digit of c?
7
Suppose 2*y + 0*i = -3*i + 6, 0 = 